ase 4, what is -10332332300013 - 0?
-10332332300013
In base 11, what is -2 + a1618627?
a1618625
In base 10, what is 1923 + -18726?
-16803
In base 7, what is 10435 + -3644?
3461
In base 8, what is 210 + -1173677?
-1173467
In base 9, what is -112863 + -808?
-113772
In base 8, what is -1 - 7063407?
-7063410
In base 16, what is -7 - 4c7787?
-4c778e
In base 16, what is 7 - 12da54?
-12da4d
In base 15, what is a + 67c23a?
67c245
In base 5, what is -10 - 1124432243123?
-1124432243133
In base 7, what is -1346523 - 4653?
-1354506
In base 9, what is -6 - -48806284?
48806277
In base 15, what is -2 + 1a64e0de?
1a64e0dc
In base 3, what is -12 - -10222220210220?
10222220210201
In base 3, what is -1000220 + -201000120?
-202001110
In base 8, what is -233460 + -52?
-233532
In base 11, what is 3 - -4531a918?
4531a920
In base 9, what is -4 + -3230877?
-3230882
In base 16, what is -a - 916bc6?
-916bd0
In base 12, what is 938589 - -64?
938631
In base 6, what is 4315250 + -24?
4315222
In base 12, what is 22 + 237715?
237737
In base 5, what is 304002333 + 422?
304003310
In base 15, what is 31d74d2 + 4?
31d74d6
In base 8, what is 1013 + -116342?
-115327
In base 6, what is -5 + 24221245515?
24221245510
In base 5, what is 4433 - -2144423?
2204411
In base 16, what is 6c + -8228?
-81bc
In base 2, what is -1111000000000110111110001 + -100101?
-1111000000000111000010110
In base 3, what is 1101201020 + -21211110?
1002212210
In base 12, what is -1307b93 + -3?
-1307b96
In base 12, what is 2b704a + -6a?
2b6ba0
In base 13, what is -720534 - -1b?
-720516
In base 14, what is 363 - -113753?
113ab6
In base 13, what is 5 - -51b74c?
51b754
In base 11, what is 2792a45 + -7?
2792a39
In base 8, what is -46405 + 26?
-46357
In base 6, what is 13251412 - -3311?
13255123
In base 14, what is 59557249 + -1?
59557248
In base 3, what is -10002220022 - -1200?
-10002211122
In base 12, what is 9 + -747395?
-747388
In base 9, what is -286425 + 432?
-285883
In base 13, what is 496ab558 + -3?
496ab555
In base 7, what is 4361640560 - -5?
4361640565
In base 4, what is 3322031 + 20112132?
30100223
In base 4, what is 131030 - 3120103?
-2323013
In base 10, what is 9155 + -4933?
4222
In base 15, what is 5 + 1c69918e?
1c699194
In base 14, what is 24c - cb?
161
In base 6, what is 0 + -4003125331?
-4003125331
In base 4, what is -220222 + 1030032?
203210
In base 2, what is -1100 - 10010010001001000111111?
-10010010001001001001011
In base 6, what is -1 - 255213121?
-255213122
In base 2, what is 111010010110010000101110 - 1?
111010010110010000101101
In base 13, what is 28 + 1025aa7?
1025b02
In base 14, what is c69ca4 - 6?
c69c9c
In base 9, what is 88312 + -451?
87751
In base 4, what is 31 + 213002321?
213003012
In base 6, what is 30323 - 10450?
15433
In base 10, what is -132 - 2424361?
-2424493
In base 12, what is -b72a20 - -136?
-b728a6
In base 12, what is -a0a0814 + -5?
-a0a0819
In base 2, what is 0 - -1011011110010101011101?
1011011110010101011101
In base 10, what is 330494 - -159?
330653
In base 15, what is 2 - 648837?
-648835
In base 6, what is -4112 + -1454235?
-1502351
In base 6, what is 245 + -1313151?
-1312502
In base 4, what is 2122112102323 + -1?
2122112102322
In base 6, what is -4043045 + -113?
-4043202
In base 12, what is -159bbb5 + 33?
-159bb82
In base 2, what is -10110000010001001 - 111101?
-10110000011000110
In base 3, what is -202012 + -11202010?
-12111022
In base 2, what is 100110101010010101 - 101?
100110101010010000
In base 2, what is 1111 - -10011000011000001?
10011000011010000
In base 3, what is -11211020010120 - 1001?
-11211020011121
In base 16, what is 78348 - -43?
7838b
In base 4, what is -10330123 - 3121001?
-20111130
In base 12, what is -9098 - 160?
-9238
In base 10, what is 3184 - -35444?
38628
In base 5, what is -11 - -202022432?
202022421
In base 16, what is 33f6 + 1a0?
3596
In base 13, what is -6a + 8b5?
848
In base 16, what is -196ba6 + -49?
-196bef
In base 11, what is -1332 + -54a17?
-56249
In base 13, what is 5 - 8526874?
-852686c
In base 14, what is 2dab3b6 + 5?
2dab3bb
In base 12, what is -112 + 7189?
7077
In base 5, what is -110 - 11323211?
-11323321
In base 6, what is 4 - 40241345514?
-40241345510
In base 3, what is -1201200022021 + 12?
-1201200022002
In base 14, what is 65338 + -13?
65325
In base 8, what is 1333136 - -1463?
1334621
In base 3, what is 1122120020 + -112222?
1122000021
In base 10, what is 2 - 15108985?
-15108983
In base 8, what is -124340 - -5154?
-117164
In base 2, what is -101111100101011 + -111000?
-101111101100011
In base 6, what is -213440052 - -30?
-213440022
In base 2, what is -110 + -1010010010001111100100101?
-1010010010001111100101011
In base 5, what is 2243 - -14010002?
14012300
In base 6, what is 12140 + -10454?
1242
In base 5, what is 12213 - 30022232?
-30010014
In base 14, what is -1 + -92988a?
-92988b
In base 15, what is -69d20 - -2c1?
-69a4e
In base 7, what is 26 - 132651026?
-132651000
In base 4, what is 1201132022031 + 0?
1201132022031
In base 9, what is 5 - 6405746?
-6405741
In base 12, what is -225b8 - 20?
-22618
In base 5, what is -11 + -1200424042104?
-1200424042120
In base 2, what is -1100111111 + 10000000110110101?
1111111001110110
In base 14, what is -b529 + 1c74?
-9695
In base 9, what is -1150187 + -42?
-1150240
In base 2, what is 1101010100001110000100111 + 0?
1101010100001110000100111
In base 16, what is 1b31573 + -2?
1b31571
In base 16, what is 26f - fe4b?
-fbdc
In base 9, what is -3586217 - -8?
-3586208
In base 9, what is 15 + 12536185?
12536211
In base 13, what is 2 + 21a360?
21a362
In base 2, what is -11100111100011 + 111111000110111?
100010001010100
In base 2, what is 1011100010001100 + 1000111?
1011100011010011
In base 2, what is 10010100000001 + -1011?
10010011110110
In base 15, what is -e1 + 1104?
1013
In base 14, what is -1 - -480bab7?
480bab6
In base 3, what is 10220222202 + -2210?
10220212222
In base 13, what is -2838175 - 0?
-2838175
In base 7, what is -2262426 - -21?
-2262405
In base 11, what is -11 + 487417?
487406
In base 3, what is 111211011 + 112211122?
1001122210
In base 15, what is -6 + ab9b7?
ab9b1
In base 3, what is -22210 + 1201121112021?
1201121012111
In base 8, what is 403725610 + -6?
403725602
In base 11, what is 26 + 6741?
6767
In base 11, what is -58311 - 74?
-58385
In base 11, what is -1907a57 - 6?
-1907a62
In base 12, what is -26a7a29 - -3a?
-26a79ab
In base 14, what is -3 - -6954c0?
6954bb
In base 12, what is -139abb7 - -5?
-139abb2
In base 11, what is 40528a61 - -1?
40528a62
In base 12, what is 279b2 + 1243?
29035
In base 13, what is -12b8a8 + 5?
-12b8a3
In base 10, what is 56 + -12068?
-12012
In base 15, what is -c9c969e + 4?
-c9c969a
In base 8, what is 1 - 77651?
-77650
In base 16, what is -70d20 + -7?
-70d27
In base 16, what is -5 - 73e8d02?
-73e8d07
In base 10, what is 1481753591 + -4?
1481753587
In base 3, what is 101101100 + 210211?
102012011
In base 2, what is -11 - -11100000011011001101111001?
11100000011011001101110110
In base 6, what is 1 - 500522504?
-500522503
In base 7, what is 3561 + 64066?
100660
In base 11, what is 11 + -5217051?
-5217040
In base 5, what is -344110121 + 22?
-344110044
In base 8, what is -15 + 20065?
20050
In base 7, what is -250 + 364155?
363605
In base 15, what is -1a5b - 1344?
-2da0
In base 13, what is 4125584 + -9?
4125578
In base 8, what is 174 + -73577?
-73403
In base 4, what is -331100321101 - 11?
-331100321112
In base 15, what is -8195 + -248?
-83dd
In base 14, what is 7816c1 + -9?
7816b6
In base 6, what is -100521 - 224?
-101145
In base 8, what is -60 - -700201?
700121
In base 11, what is 9920 + -2204?
7717
In base 3, what is -100211212121 + 1120200?
-100210021221
In base 14, what is 87a35 - 24?
87a11
In base 6, what is -30203 + 1433520?
1403313
In base 10, what is 4 - -2981009?
2981013
In base 14, what is -278a29 - -7?
-278a22
In base 13, what is 1479 - 1b64?
-6b8
In base 15, what is 0 + -4ec177?
-4ec177
In base 14, what is -d - -21b2bd?
21b2b0
In base 5, what is -402 - -4412102?
4411200
In base 7, what is 564462 + 11?
564503
In base 10, what is -10208804 + -1?
-10208805
In base 8, what is -216 + -37463563?
-37464001
In base 12, what is -6574881 - 0?
-6574881
In base 14, what is 34d7 + 1aa2?
5199
In base 3, what is 111012002212 - 1122?
111012001020
In base 